factor of 212263 and 233.
233
What is the highest common factor of 1917 and 42?
3
Calculate the highest common divisor of 2980836 and 3348.
1116
Calculate the greatest common factor of 1051 and 11.
1
Calculate the highest common divisor of 19591 and 44.
11
Calculate the greatest common factor of 4320 and 4.
4
Calculate the greatest common divisor of 85455 and 1620.
405
What is the greatest common factor of 533868 and 51?
51
Calculate the highest common divisor of 2827 and 7601.
11
Calculate the highest common factor of 140 and 16931180.
140
What is the highest common divisor of 39 and 73658?
13
What is the highest common divisor of 698150 and 175?
25
What is the highest common factor of 213678 and 216?
54
Calculate the highest common divisor of 658 and 10622.
94
What is the greatest common divisor of 2619 and 675?
27
Calculate the greatest common divisor of 210236 and 104.
52
Calculate the greatest common divisor of 44 and 3630.
22
What is the greatest common divisor of 6139 and 952?
7
What is the highest common factor of 42441 and 344?
43
What is the greatest common factor of 176 and 100364?
44
Calculate the greatest common factor of 52008 and 1188.
132
What is the highest common divisor of 12880 and 100?
20
Calculate the highest common divisor of 1116 and 3522468.
372
What is the greatest common factor of 42 and 51681?
21
Calculate the greatest common divisor of 44238 and 3333.
303
Calculate the highest common factor of 1317264 and 240.
48
What is the highest common divisor of 1716 and 18822?
6
Calculate the highest common divisor of 13459 and 167455.
313
What is the highest common divisor of 2150 and 2450?
50
Calculate the highest common divisor of 18887 and 3366.
187
Calculate the greatest common divisor of 7719 and 5478.
249
Calculate the greatest common factor of 2341649 and 839.
839
What is the greatest common factor of 107122 and 266?
38
Calculate the highest common factor of 213 and 2019737.
71
Calculate the greatest common divisor of 16508 and 16.
4
Calculate the greatest common factor of 117 and 633753.
9
Calculate the highest common divisor of 58 and 1242824.
58
What is the greatest common factor of 47 and 207035?
47
Calculate the highest common factor of 742539 and 35.
7
What is the greatest common divisor of 10 and 127525?
5
Calculate the highest common divisor of 13442 and 17732.
286
Calculate the highest common divisor of 361059 and 122.
61
Calculate the greatest common factor of 24937 and 11.
11
What is the greatest common divisor of 21 and 19020?
3
Calculate the highest common divisor of 4302 and 17686.
478
Calculate the highest common factor of 44666 and 138.
46
What is the highest common divisor of 482317 and 5379?
1793
What is the greatest common divisor of 10 and 76910?
10
Calculate the highest common divisor of 18290 and 10620.
590
What is the greatest common factor of 8383 and 56274?
83
What is the highest common factor of 9579 and 279?
93
Calculate the highest common factor of 4017506 and 502.
502
What is the highest common divisor of 16478 and 121?
11
Calculate the greatest common divisor of 593 and 33.
1
Calculate the highest common factor of 494985 and 195.
15
Calculate the greatest common factor of 18072 and 90.
18
Calculate the highest common factor of 2767191 and 42.
21
What is the greatest common factor of 2755046 and 7?
7
Calculate the highest common divisor of 21 and 1894137.
21
Calculate the greatest common factor of 4433 and 18629.
13
Calculate the greatest common divisor of 4642 and 1899.
211
What is the greatest common divisor of 1100 and 96580?
220
Calculate the greatest common factor of 627011 and 2395.
479
What is the greatest common divisor of 260 and 54756?
52
What is the highest common factor of 2605964 and 34?
34
What is the highest common factor of 2358 and 30474?
18
What is the greatest common divisor of 7345 and 68365?
565
What is the greatest common factor of 15585 and 465?
15
What is the highest common divisor of 64 and 20884?
4
Calculate the highest common factor of 746338 and 824.
206
Calculate the greatest common divisor of 6302421 and 135.
27
Calculate the greatest common divisor of 11 and 5721749.
11
What is the greatest common factor of 30 and 564915?
15
Calculate the greatest common factor of 504 and 10136.
56
Calculate the greatest common divisor of 163490 and 100.
10
What is the greatest common factor of 8072229 and 51?
51
Calculate the greatest common factor of 91 and 355628.
91
What is the highest common factor of 136818 and 396?
198
Calculate the greatest common factor of 135 and 22905.
45
Calculate the highest common divisor of 750045 and 13950.
465
Calculate the highest common divisor of 2242 and 7080.
118
What is the highest common factor of 128778 and 130?
26
Calculate the highest common divisor of 336193 and 1573.
143
Calculate the greatest common factor of 1748 and 4690758.
874
What is the greatest common divisor of 12483 and 2847?
219
Calculate the highest common factor of 179270 and 140.
70
Calculate the highest common divisor of 77 and 11587499.
77
What is the greatest common factor of 29925 and 45?
45
Calculate the greatest common factor of 11 and 1595077.
11
Calculate the highest common factor of 504 and 136.
8
Calculate the greatest common divisor of 3160 and 95274.
158
Calculate the highest common factor of 51336 and 52440.
552
Calculate the greatest common factor of 2018288 and 16.
16
Calculate the highest common divisor of 185 and 440485.
185
Calculate the greatest common divisor of 228 and 121011.
57
Calculate the highest common factor of 2744 and 18592.
56
Calculate the greatest common divisor of 66675 and 4725.
525
Calculate the highest common factor of 145 and 65.
5
What is the greatest common divisor of 4025 and 2275?
175
What is the greatest common divisor of 94260 and 42?
6
Calculate the greatest common divisor of 7 and 7629055.
7
What is the greatest common divisor of 2698 and 10374?
38
Calculate the highest common factor of 10755 and 117.
9
Calculate the highest common factor of 225455 and 335.
335
What is the highest common divisor of 25 and 3715?
5
What is the highest common factor of 6 and 131832?
6
Calculate the greatest common factor of 210 and 15190.
70
What is the highest common factor of 791 and 12204?
113
Calculate the highest common factor of 3542 and 13041.
161
What is the greatest common factor of 64 and 56272?
16
Calculate the highest common factor of 1505 and 1634129.
301
Calculate the greatest common factor of 5001 and 14.
1
What is the greatest common divisor of 513 and 441351?
171
What is the greatest common factor of 58960 and 469?
67
Calculate the highest common factor of 3 and 643.
1
What is the highest common divisor of 114 and 325974?
6
What is the greatest common factor of 18688 and 876?
292
Calculate the greatest common factor of 9514 and 871.
67
Calculate the highest common factor of 11950 and 1912.
478
What is the highest common factor of 4615 and 10295?
355
What is the greatest common factor of 72 and 957924?
36
Calculate the greatest common factor of 38 and 527383.
19
What is the greatest common factor of 117739 and 2933?
419
Calculate the greatest common divisor of 335445 and 165.
165
Calculate the highest common factor of 5537 and 2828.
7
What is the greatest common divisor of 513 and 41211?
171
Calculate the highest common divisor of 804 and 129.
3
What is the greatest common divisor of 782748 and 9?
9
Calculate the greatest common divisor of 2536 and 8.
8
What is the greatest common divisor of 1084448 and 352?
32
What is the highest common divisor of 924 and 195?
3
Calculate the highest common divisor of 1394 and 3165077.
697
What is the greatest common divisor of 2472 and 30?
6
What is the highest common factor of 1305568 and 77?
11
Calculate the highest common divisor of 837 and 188697.
93
What is the greatest common divisor of 16500 and 213180?
660
What is the highest common divisor of 4069 and 7825?
313
Calculate the greatest common divisor of 382885 and 365.
365
Calculate the highest common factor of 122 and 496.
2
What is the greatest common divisor of 1639968 and 144?
48
Calculate the greatest common factor of 90 and 108555.
15
What is the greatest common divisor of 1459699 and 898?
449
Calculate the greatest common